19, 853
What are the prime factors of 60427?
60427
What are the prime factors of 5424?
2, 3, 113
List the prime factors of 4039.
7, 577
List the prime factors of 2630.
2, 5, 263
List the prime factors of 1614.
2, 3, 269
List the prime factors of 768.
2, 3
What are the prime factors of 8295?
3, 5, 7, 79
What are the prime factors of 923?
13, 71
What are the prime factors of 5854?
2, 2927
What are the prime factors of 25121?
25121
What are the prime factors of 17538?
2, 3, 37, 79
What are the prime factors of 103846?
2, 137, 379
List the prime factors of 21324.
2, 3, 1777
List the prime factors of 4429.
43, 103
What are the prime factors of 6821?
19, 359
What are the prime factors of 9955?
5, 11, 181
What are the prime factors of 827?
827
What are the prime factors of 441?
3, 7
What are the prime factors of 17?
17
What are the prime factors of 73373?
239, 307
List the prime factors of 3639.
3, 1213
What are the prime factors of 6187?
23, 269
What are the prime factors of 2405?
5, 13, 37
List the prime factors of 1139.
17, 67
List the prime factors of 3043.
17, 179
What are the prime factors of 852?
2, 3, 71
What are the prime factors of 3673?
3673
List the prime factors of 2843.
2843
List the prime factors of 35.
5, 7
What are the prime factors of 2324?
2, 7, 83
List the prime factors of 1770.
2, 3, 5, 59
List the prime factors of 18087.
3, 6029
List the prime factors of 87939.
3, 3257
What are the prime factors of 38817?
3, 19, 227
List the prime factors of 2241.
3, 83
List the prime factors of 16468.
2, 23, 179
What are the prime factors of 11321?
11321
List the prime factors of 322.
2, 7, 23
List the prime factors of 52058.
2, 26029
List the prime factors of 14102.
2, 11, 641
List the prime factors of 2347.
2347
What are the prime factors of 31440?
2, 3, 5, 131
What are the prime factors of 32803?
32803
What are the prime factors of 700?
2, 5, 7
List the prime factors of 278.
2, 139
List the prime factors of 112138.
2, 13, 19, 227
What are the prime factors of 75?
3, 5
What are the prime factors of 268?
2, 67
List the prime factors of 659.
659
List the prime factors of 375.
3, 5
What are the prime factors of 28322?
2, 7, 17
List the prime factors of 2388.
2, 3, 199
List the prime factors of 1055.
5, 211
What are the prime factors of 5490?
2, 3, 5, 61
What are the prime factors of 2605?
5, 521
What are the prime factors of 983?
983
What are the prime factors of 62180?
2, 5, 3109
What are the prime factors of 47816?
2, 43, 139
What are the prime factors of 4137?
3, 7, 197
List the prime factors of 31941.
3, 7, 13
What are the prime factors of 9122?
2, 4561
What are the prime factors of 6663?
3, 2221
List the prime factors of 390.
2, 3, 5, 13
What are the prime factors of 688?
2, 43
List the prime factors of 388.
2, 97
What are the prime factors of 30794?
2, 89, 173
List the prime factors of 4458.
2, 3, 743
List the prime factors of 901.
17, 53
What are the prime factors of 1416?
2, 3, 59
What are the prime factors of 2425?
5, 97
List the prime factors of 1866.
2, 3, 311
What are the prime factors of 1252?
2, 313
What are the prime factors of 895?
5, 179
What are the prime factors of 15749?
15749
List the prime factors of 60430.
2, 5, 6043
List the prime factors of 91785.
3, 5, 29, 211
List the prime factors of 1936.
2, 11
What are the prime factors of 656?
2, 41
What are the prime factors of 1995?
3, 5, 7, 19
List the prime factors of 2260.
2, 5, 113
List the prime factors of 25291.
7, 3613
What are the prime factors of 1355?
5, 271
What are the prime factors of 3228?
2, 3, 269
What are the prime factors of 12577?
12577
What are the prime factors of 687?
3, 229
What are the prime factors of 160902?
2, 3, 7, 1277
List the prime factors of 23263.
43, 541
What are the prime factors of 4299?
3, 1433
List the prime factors of 50072.
2, 11, 569
List the prime factors of 3897.
3, 433
What are the prime factors of 851?
23, 37
What are the prime factors of 2017?
2017
What are the prime factors of 3421?
11, 311
List the prime factors of 5823.
3, 647
List the prime factors of 826.
2, 7, 59
What are the prime factors of 113203?
17, 6659
What are the prime factors of 1443?
3, 13, 37
List the prime factors of 1857.
3, 619
List the prime factors of 18911.
18911
What are the prime factors of 12690?
2, 3, 5, 47
List the prime factors of 13966.
2, 6983
List the prime factors of 3467.
3467
List the prime factors of 8145.
3, 5, 181
List the prime factors of 20809.
20809
List the prime factors of 15335.
5, 3067
What are the prime factors of 5535?
3, 5, 41
What are the prime factors of 3515?
5, 19, 37
List the prime factors of 21059.
21059
What are the prime factors of 3757?
13, 17
List the prime factors of 23734.
2, 11867
List the prime factors of 13510.
2, 5, 7, 193
What are the prime factors of 22934?
2, 11467
What are the prime factors of 14150?
2, 5, 283
List the prime factors of 2865.
3, 5, 191
List the prime factors of 14980.
2, 5, 7, 107
List the prime factors of 22173.
3, 19, 389
What are the prime factors of 2044?
2, 7, 73
What are the prime factors of 712?
2, 89
What are the prime factors of 821?
821
List the prime factors of 2624.
2, 41
List the prime factors of 284.
2, 71
List the prime factors of 2028.
2, 3, 13
List the prime factors of 18887.
11, 17, 101
List the prime factors of 2370.
2, 3, 5, 79
What are the prime factors of 727?
727
List the prime factors of 16790.
2, 5, 23, 73
What are the prime factors of 6612?
2, 3, 19, 29
What are the prime factors of 345?
3, 5, 23
List the prime factors of 54454.
2, 19, 1433
List the prime factors of 1578.
2, 3, 263
What are the prime factors of 21438?
2, 3, 397
What are the prime factors of 88576?
2, 173
What are the prime factors of 4896?
2, 3, 17
What are the prime factors of 531?
3, 59
What are the prime factors of 20294?
2, 73, 139
What are the prime factors of 1969?
11, 179
List the prime factors of 4406.
2, 2203
What are the prime factors of 6903?
3, 13, 59
What are the prime factors of 40356?
2, 3, 19, 59
List the prime factors of 1088.
2, 17
List the prime factors of 2594.
2, 1297
List the prime factors of 2495.
5, 499
What are the prime factors of 12053?
17, 709
List the prime factors of 20051.
20051
List the prime factors of 16100.
2, 5, 7, 23
List the prime factors of 381.
3, 127
What are the prime factors of 6876?
2, 3, 191
List the prime factors of 140731.
140731
List the prime factors of 494.
2, 13, 19
What are the prime factors of 27160?
2, 5, 7, 97
What are the prime factors of 10288?
2, 643
List the prime factors of 293.
293
List the prime factors of 25622.
2, 23, 557
What are the prime factors of 5249?
29, 181
List the prime factors of 1605.
3, 5, 107
What are the prime factors of 7811?
73, 107
What are the prime factors of 32338?
2, 19, 23, 37
What are the prime factors of 3060?
2, 3, 5, 17
What are the prime factors of 12720?
2, 3, 5, 53
What are the prime factors of 25989?
3, 8663
What are the prime factors of 1931?
1931
What are the prime factors of 2079?
3, 7, 11
List the prime factors of 1550.
2, 5, 31
What are the prime factors of 199?
199
List the prime factors of 898.
2, 449
What are the prime factors of 577?
577
What are the prime factors of 2273?
2273
List the prime factors of 153940.
2, 5, 43, 179
List the prime factors of 61163.
31, 1973
List the prime factors of 11325.
3, 5, 151
What are the prime factors of 1094?
2, 547
What are the prime factors of 8490?
2, 3, 5, 283
List the prime factors of 4338.
2, 3, 241
List the prime factors of 116744.
2, 14593
List the prime factors of 2862.
2, 3, 53
List the prime factors of 13729.
13729
What are the prime factors of 7032?
2, 3, 293
List the prime factors of 1846.
2, 13, 71
List the prime factors of 53396.
2, 7, 1907
What are the prime factors of 42946?
2, 109, 197
List the prime factors of 58672.
2, 19, 193
List the prime factors of 935.
5, 11, 17
What are the prime factors of 15991?
15991
List the prime factors of 5440.
2, 5, 17
What are the prime factors of 12603?
3, 4201
List the prime factors of 1803.
3, 601
What are the prime factors of 33224?
2, 4153
List the prime factors of 495.
3, 5, 11
List the prime factors of 2117.
29, 73
What are the prime factors of 7517?
7517
What are the prime factors of 56559?
3, 17, 1109
What a